{"id":844,"date":"2023-12-29T00:48:07","date_gmt":"2023-12-29T00:48:07","guid":{"rendered":"https:\/\/performing.site\/?page_id=844"},"modified":"2025-01-21T23:00:18","modified_gmt":"2025-01-21T23:00:18","slug":"writting","status":"publish","type":"page","link":"https:\/\/performing.site\/index.php\/writting\/","title":{"rendered":"writting"},"content":{"rendered":"\t\t<div data-elementor-type=\"wp-page\" data-elementor-id=\"844\" class=\"elementor elementor-844\" data-elementor-post-type=\"page\">\n\t\t\t\t<div class=\"elementor-element elementor-element-94a9cb7 e-flex e-con-boxed e-con e-parent\" data-id=\"94a9cb7\" data-element_type=\"container\" data-e-type=\"container\" data-settings=\"{&quot;background_background&quot;:&quot;classic&quot;}\">\n\t\t\t\t\t<div class=\"e-con-inner\">\n\t\t\t\t<div class=\"elementor-element elementor-element-a2c6f06 elementor-widget elementor-widget-spacer\" data-id=\"a2c6f06\" data-element_type=\"widget\" data-e-type=\"widget\" data-widget_type=\"spacer.default\">\n\t\t\t\t\t\t\t<div class=\"elementor-spacer\">\n\t\t\t<div class=\"elementor-spacer-inner\"><\/div>\n\t\t<\/div>\n\t\t\t\t\t\t<\/div>\n\t\t\t\t\t<\/div>\n\t\t\t\t<\/div>\n\t\t<div class=\"elementor-element elementor-element-413aedc e-flex e-con-boxed e-con e-parent\" data-id=\"413aedc\" data-element_type=\"container\" data-e-type=\"container\" data-settings=\"{&quot;background_background&quot;:&quot;classic&quot;}\">\n\t\t\t\t\t<div class=\"e-con-inner\">\n\t\t\t\t<div class=\"elementor-element elementor-element-1c32233 elementor-widget elementor-widget-spacer\" data-id=\"1c32233\" data-element_type=\"widget\" data-e-type=\"widget\" data-widget_type=\"spacer.default\">\n\t\t\t\t\t\t\t<div class=\"elementor-spacer\">\n\t\t\t<div class=\"elementor-spacer-inner\"><\/div>\n\t\t<\/div>\n\t\t\t\t\t\t<\/div>\n\t\t\t\t<div class=\"elementor-element elementor-element-4616c52 elementor-widget elementor-widget-n-accordion\" data-id=\"4616c52\" data-element_type=\"widget\" data-e-type=\"widget\" data-settings=\"{&quot;default_state&quot;:&quot;all_collapsed&quot;,&quot;max_items_expended&quot;:&quot;one&quot;,&quot;n_accordion_animation_duration&quot;:{&quot;unit&quot;:&quot;ms&quot;,&quot;size&quot;:400,&quot;sizes&quot;:[]}}\" data-widget_type=\"nested-accordion.default\">\n\t\t\t\t\t\t\t<div class=\"e-n-accordion\" aria-label=\"Accordion. Open links with Enter or Space, close with Escape, and navigate with Arrow Keys\">\n\t\t\t\t\t\t<details id=\"H1\" class=\"e-n-accordion-item\" >\n\t\t\t\t<summary class=\"e-n-accordion-item-title\" data-accordion-index=\"1\" tabindex=\"0\" aria-expanded=\"false\" aria-controls=\"H1\" >\n\t\t\t\t\t<span class='e-n-accordion-item-title-header'><h2 class=\"e-n-accordion-item-title-text\"> On Dragon Hunt and Mutual Transformability <\/h2><\/span>\n\t\t\t\t\t\t\t<span class='e-n-accordion-item-title-icon'>\n\t\t\t<span class='e-opened' ><svg aria-hidden=\"true\" class=\"e-font-icon-svg e-fas-minus\" viewBox=\"0 0 448 512\" xmlns=\"http:\/\/www.w3.org\/2000\/svg\"><path d=\"M416 208H32c-17.67 0-32 14.33-32 32v32c0 17.67 14.33 32 32 32h384c17.67 0 32-14.33 32-32v-32c0-17.67-14.33-32-32-32z\"><\/path><\/svg><\/span>\n\t\t\t<span class='e-closed'><svg aria-hidden=\"true\" class=\"e-font-icon-svg e-fas-plus\" viewBox=\"0 0 448 512\" xmlns=\"http:\/\/www.w3.org\/2000\/svg\"><path d=\"M416 208H272V64c0-17.67-14.33-32-32-32h-32c-17.67 0-32 14.33-32 32v144H32c-17.67 0-32 14.33-32 32v32c0 17.67 14.33 32 32 32h144v144c0 17.67 14.33 32 32 32h32c17.67 0 32-14.33 32-32V304h144c17.67 0 32-14.33 32-32v-32c0-17.67-14.33-32-32-32z\"><\/path><\/svg><\/span>\n\t\t<\/span>\n\n\t\t\t\t\t\t<\/summary>\n\t\t\t\t<div role=\"region\" aria-labelledby=\"H1\" class=\"elementor-element elementor-element-ee67107 e-con-full e-flex e-con e-child\" data-id=\"ee67107\" data-element_type=\"container\" data-e-type=\"container\">\n\t\t\t\t<div class=\"elementor-element elementor-element-b46a8a3 elementor-widget__width-initial elementor-widget elementor-widget-text-editor\" data-id=\"b46a8a3\" data-element_type=\"widget\" data-e-type=\"widget\" data-widget_type=\"text-editor.default\">\n\t\t\t\t\t\t\t\t\t<p>2023 PUBLISHED IN MASKA JOURNAL \/ ISSUE: SOMATICS<br \/>EDITED BY PIA BREZAV\u0160\u010cEK &amp; JASMINA ZALO\u017dNIK<\/p><p>2023 PREVIOUS VERSION PUBLISHED IN SPRINGERIN JOURNAL \/ ISSUE: QUEER POSTSOCIALIST DISAPORAS<br \/>EDITED BY MASHA GODOVANNAYA\u00a0<\/p>\t\t\t\t\t\t\t\t<\/div>\n\t\t\t\t<div class=\"elementor-element elementor-element-ef886d6 elementor-widget elementor-widget-text-editor\" data-id=\"ef886d6\" data-element_type=\"widget\" data-e-type=\"widget\" data-widget_type=\"text-editor.default\">\n\t\t\t\t\t\t\t\t\t<p>Taking Samuel Delany\u2019s SciFi novel \u2018Stars In My Pocket Like Grains of Sand\u2019 as a point of departure, in a joint effort with other artists we\u2019ve labored a work which is at once a dance, fantasy, and a queer road film. Its protagonists, animated by the weirdening landscape of the Dalmatian Hinterland and enraptured by the sound of the conch shell, partake in the melding tradition of Dragon Hunting. An exploration in somatics, media translation, mimicry, and the sensuous, Dragon Hunt is a result of mutual transformability exercised between fellow artist friends and different machine learning algorithms.\u00a0<a href=\"https:\/\/www.academia.edu\/112559479\/On_Dragon_Hunt_and_Mutual_Transformability\"><strong>READ HERE<\/strong><\/a>\u00a0\u2192<\/p>\t\t\t\t\t\t\t\t<\/div>\n\t\t\t\t<\/div>\n\t\t\t\t\t<\/details>\n\t\t\t\t\t\t<details id=\"h1\" class=\"e-n-accordion-item\" >\n\t\t\t\t<summary class=\"e-n-accordion-item-title\" data-accordion-index=\"2\" tabindex=\"-1\" aria-expanded=\"false\" aria-controls=\"h1\" >\n\t\t\t\t\t<span class='e-n-accordion-item-title-header'><h2 class=\"e-n-accordion-item-title-text\"> Opaque Temporary Agency <\/h2><\/span>\n\t\t\t\t\t\t\t<span class='e-n-accordion-item-title-icon'>\n\t\t\t<span class='e-opened' ><svg aria-hidden=\"true\" class=\"e-font-icon-svg e-fas-minus\" viewBox=\"0 0 448 512\" xmlns=\"http:\/\/www.w3.org\/2000\/svg\"><path d=\"M416 208H32c-17.67 0-32 14.33-32 32v32c0 17.67 14.33 32 32 32h384c17.67 0 32-14.33 32-32v-32c0-17.67-14.33-32-32-32z\"><\/path><\/svg><\/span>\n\t\t\t<span class='e-closed'><svg aria-hidden=\"true\" class=\"e-font-icon-svg e-fas-plus\" viewBox=\"0 0 448 512\" xmlns=\"http:\/\/www.w3.org\/2000\/svg\"><path d=\"M416 208H272V64c0-17.67-14.33-32-32-32h-32c-17.67 0-32 14.33-32 32v144H32c-17.67 0-32 14.33-32 32v32c0 17.67 14.33 32 32 32h144v144c0 17.67 14.33 32 32 32h32c17.67 0 32-14.33 32-32V304h144c17.67 0 32-14.33 32-32v-32c0-17.67-14.33-32-32-32z\"><\/path><\/svg><\/span>\n\t\t<\/span>\n\n\t\t\t\t\t\t<\/summary>\n\t\t\t\t<div role=\"region\" aria-labelledby=\"h1\" class=\"elementor-element elementor-element-aa82c0e e-con-full e-flex e-con e-child\" data-id=\"aa82c0e\" data-element_type=\"container\" data-e-type=\"container\">\n\t\t\t\t<div class=\"elementor-element elementor-element-75efa48 elementor-widget elementor-widget-text-editor\" data-id=\"75efa48\" data-element_type=\"widget\" data-e-type=\"widget\" data-widget_type=\"text-editor.default\">\n\t\t\t\t\t\t\t\t\t<p>2023 PUBLISHED IN <a href=\"https:\/\/www.varamopress.org\/ROT.html\">ROT \/ ISSUE 1: ON IMMUNITY<\/a><br \/>EDITED AND CURATED BY SARA MANENTE<\/p>\t\t\t\t\t\t\t\t<\/div>\n\t\t\t\t<div class=\"elementor-element elementor-element-8c1ceea elementor-widget elementor-widget-text-editor\" data-id=\"8c1ceea\" data-element_type=\"widget\" data-e-type=\"widget\" data-widget_type=\"text-editor.default\">\n\t\t\t\t\t\t\t\t\t<p>Is a work in progress taken from a larger body of text is part of Marko Guti\u0107 Mi\u017eimakov&#8217;s current research on transgenerational affect and gayness. A narrative unfolds around an enigmatic plywood board adorned with glass plates, petri dishes housing nineteenth-century hepatitis samples. An exercise in autofiction, the text explores queer relationality, artistic artifacts, and the challenge of navigating history in a disorienting temporal landscape.<a href=\"https:\/\/www.academia.edu\/112676069\/Opaque_Temporary_Agency\"><strong> READ HERE<\/strong><\/a>\u00a0\u2192<\/p>\t\t\t\t\t\t\t\t<\/div>\n\t\t\t\t<\/div>\n\t\t\t\t\t<\/details>\n\t\t\t\t\t\t<details id=\"h1\" class=\"e-n-accordion-item\" >\n\t\t\t\t<summary class=\"e-n-accordion-item-title\" data-accordion-index=\"3\" tabindex=\"-1\" aria-expanded=\"false\" aria-controls=\"h1\" >\n\t\t\t\t\t<span class='e-n-accordion-item-title-header'><h2 class=\"e-n-accordion-item-title-text\"> No\/t a\\thing <\/h2><\/span>\n\t\t\t\t\t\t\t<span class='e-n-accordion-item-title-icon'>\n\t\t\t<span class='e-opened' ><svg aria-hidden=\"true\" class=\"e-font-icon-svg e-fas-minus\" viewBox=\"0 0 448 512\" xmlns=\"http:\/\/www.w3.org\/2000\/svg\"><path d=\"M416 208H32c-17.67 0-32 14.33-32 32v32c0 17.67 14.33 32 32 32h384c17.67 0 32-14.33 32-32v-32c0-17.67-14.33-32-32-32z\"><\/path><\/svg><\/span>\n\t\t\t<span class='e-closed'><svg aria-hidden=\"true\" class=\"e-font-icon-svg e-fas-plus\" viewBox=\"0 0 448 512\" xmlns=\"http:\/\/www.w3.org\/2000\/svg\"><path d=\"M416 208H272V64c0-17.67-14.33-32-32-32h-32c-17.67 0-32 14.33-32 32v144H32c-17.67 0-32 14.33-32 32v32c0 17.67 14.33 32 32 32h144v144c0 17.67 14.33 32 32 32h32c17.67 0 32-14.33 32-32V304h144c17.67 0 32-14.33 32-32v-32c0-17.67-14.33-32-32-32z\"><\/path><\/svg><\/span>\n\t\t<\/span>\n\n\t\t\t\t\t\t<\/summary>\n\t\t\t\t<div role=\"region\" aria-labelledby=\"h1\" class=\"elementor-element elementor-element-674fbd6 e-con-full e-flex e-con e-child\" data-id=\"674fbd6\" data-element_type=\"container\" data-e-type=\"container\">\n\t\t\t\t<div class=\"elementor-element elementor-element-920f009 elementor-widget elementor-widget-text-editor\" data-id=\"920f009\" data-element_type=\"widget\" data-e-type=\"widget\" data-widget_type=\"text-editor.default\">\n\t\t\t\t\t\t\t\t\t<p>2022 PUBLISHED IN KRETANJA-MOVEMENTS JOURNAL \/\u00a0 ISSUE: OFF-POP<br \/>EDITED BY ANA FAZEKA\u0160<\/p><p>IN CROATIAN &amp; ENGLISH<\/p>\t\t\t\t\t\t\t\t<\/div>\n\t\t\t\t<div class=\"elementor-element elementor-element-032589e elementor-widget elementor-widget-text-editor\" data-id=\"032589e\" data-element_type=\"widget\" data-e-type=\"widget\" data-widget_type=\"text-editor.default\">\n\t\t\t\t\t\t\t\t\t<p>Tis text tries to assemble my current thoughts on the space oddities known as Black Holes and how they relate to my artistic thinking, interests and practices, dancing between the fields of choreography, animation, somatics and SciFy.\u00a0 <a href=\"https:\/\/www.academia.edu\/100179295\/No_t_a_thing\"><strong>READ HERE<\/strong><\/a>\u00a0\u2192<\/p>\t\t\t\t\t\t\t\t<\/div>\n\t\t\t\t<\/div>\n\t\t\t\t\t<\/details>\n\t\t\t\t\t\t<details id=\"e-n-accordion-item-7343\" class=\"e-n-accordion-item\" >\n\t\t\t\t<summary class=\"e-n-accordion-item-title\" data-accordion-index=\"4\" tabindex=\"-1\" aria-expanded=\"false\" aria-controls=\"e-n-accordion-item-7343\" >\n\t\t\t\t\t<span class='e-n-accordion-item-title-header'><h2 class=\"e-n-accordion-item-title-text\"> Digital Golem, Gesticulating Hybrids, Affective Clones &amp; whatever they want <\/h2><\/span>\n\t\t\t\t\t\t\t<span class='e-n-accordion-item-title-icon'>\n\t\t\t<span class='e-opened' ><svg aria-hidden=\"true\" class=\"e-font-icon-svg e-fas-minus\" viewBox=\"0 0 448 512\" xmlns=\"http:\/\/www.w3.org\/2000\/svg\"><path d=\"M416 208H32c-17.67 0-32 14.33-32 32v32c0 17.67 14.33 32 32 32h384c17.67 0 32-14.33 32-32v-32c0-17.67-14.33-32-32-32z\"><\/path><\/svg><\/span>\n\t\t\t<span class='e-closed'><svg aria-hidden=\"true\" class=\"e-font-icon-svg e-fas-plus\" viewBox=\"0 0 448 512\" xmlns=\"http:\/\/www.w3.org\/2000\/svg\"><path d=\"M416 208H272V64c0-17.67-14.33-32-32-32h-32c-17.67 0-32 14.33-32 32v144H32c-17.67 0-32 14.33-32 32v32c0 17.67 14.33 32 32 32h144v144c0 17.67 14.33 32 32 32h32c17.67 0 32-14.33 32-32V304h144c17.67 0 32-14.33 32-32v-32c0-17.67-14.33-32-32-32z\"><\/path><\/svg><\/span>\n\t\t<\/span>\n\n\t\t\t\t\t\t<\/summary>\n\t\t\t\t<div role=\"region\" aria-labelledby=\"e-n-accordion-item-7343\" class=\"elementor-element elementor-element-3f97f08 e-con-full e-flex e-con e-child\" data-id=\"3f97f08\" data-element_type=\"container\" data-e-type=\"container\">\n\t\t\t\t<div class=\"elementor-element elementor-element-f856e37 elementor-widget elementor-widget-text-editor\" data-id=\"f856e37\" data-element_type=\"widget\" data-e-type=\"widget\" data-widget_type=\"text-editor.default\">\n\t\t\t\t\t\t\t\t\t<p>2021 PUBLISHED AS A LONGFORM BY INSTITUTE OF NETWORK CULTURES<br \/>EDITED BY: SEPP ECKENHAUSSEN<\/p><p>Bodies &#8211; photoshopped, facetuned, beautified, deepfaked, synthesized simulated, rendered, digitized. What do these impalpable figures on the surface of the screen want from our palpable fingers holding it?\u00a0 Do they want something? Puzzled by the idea that images might want something (as suggested by WJT Mitchell, 2005) I started exploring possible modes of relating to digital images through a performative frame. This became \u2018Digital Golem, Gesticulating Hybrids, Affective Clones and Whatever They Want\u2019, a body of artistic processes that took shape back in 2018, during my studies in New Media at the Academy of Fine Arts in Zagreb. In the three years since, the digital landscape has undergone an accelerated transformation. Posing as influencers advertising fast fashion brands DAZ3D digital avatars have taken over Instagram. Meanwhile, everyone and their grandmother has turned into a 2D video by #distantdancing on TikTok inbetween ZOOM calls. Presented here is a text which served as a companion peace to &#8216;a performing site for affective clones &amp; whatever they want&#8217;.\u00a0 Wanting to invert the (dominant)\u00a0<em>Gestalt<\/em> of the animated figure, a specific type of digital image, the text maps the processes of imagemaking, animation, choreography and somatics. <a href=\"https:\/\/networkcultures.org\/longform\/2021\/08\/24\/digital-golem-gesticulating-hybrids-affective-clones-whatever-they-want\/\"><strong>READ HERE<\/strong><\/a>\u00a0\u2192<\/p>\t\t\t\t\t\t\t\t<\/div>\n\t\t\t\t<\/div>\n\t\t\t\t\t<\/details>\n\t\t\t\t\t<\/div>\n\t\t\t\t\t\t<\/div>\n\t\t\t\t<div class=\"elementor-element elementor-element-a11849a elementor-widget elementor-widget-spacer\" data-id=\"a11849a\" data-element_type=\"widget\" data-e-type=\"widget\" data-widget_type=\"spacer.default\">\n\t\t\t\t\t\t\t<div class=\"elementor-spacer\">\n\t\t\t<div class=\"elementor-spacer-inner\"><\/div>\n\t\t<\/div>\n\t\t\t\t\t\t<\/div>\n\t\t\t\t\t<\/div>\n\t\t\t\t<\/div>\n\t\t<div class=\"elementor-element elementor-element-25d013e e-flex e-con-boxed e-con e-parent\" data-id=\"25d013e\" data-element_type=\"container\" data-e-type=\"container\" data-settings=\"{&quot;background_background&quot;:&quot;classic&quot;}\">\n\t\t\t\t\t<div class=\"e-con-inner\">\n\t\t\t\t<div class=\"elementor-element elementor-element-970f919 elementor-widget elementor-widget-text-editor\" data-id=\"970f919\" data-element_type=\"widget\" data-e-type=\"widget\" data-widget_type=\"text-editor.default\">\n\t\t\t\t\t\t\t\t\t<p>Featured image \u2014 <i>GRUMEN STUDY<\/i> , 2022<\/p>\t\t\t\t\t\t\t\t<\/div>\n\t\t\t\t\t<\/div>\n\t\t\t\t<\/div>\n\t\t\t\t<\/div>\n\t\t","protected":false},"excerpt":{"rendered":"<p>On Dragon Hunt and Mutual Transformability 2023 PUBLISHED IN MASKA JOURNAL \/ ISSUE: SOMATICSEDITED BY PIA BREZAV\u0160\u010cEK &amp; JASMINA ZALO\u017dNIK 2023 PREVIOUS VERSION PUBLISHED IN SPRINGERIN JOURNAL \/ ISSUE: QUEER POSTSOCIALIST DISAPORASEDITED BY MASHA GODOVANNAYA\u00a0 Taking Samuel Delany\u2019s SciFi novel \u2018Stars In My Pocket Like Grains of Sand\u2019 as a point of departure, in a&#8230;<\/p>\n","protected":false},"author":1,"featured_media":1134,"parent":0,"menu_order":0,"comment_status":"closed","ping_status":"closed","template":"elementor_header_footer","meta":{"footnotes":""},"class_list":["post-844","page","type-page","status-publish","has-post-thumbnail","hentry"],"_links":{"self":[{"href":"https:\/\/performing.site\/index.php\/wp-json\/wp\/v2\/pages\/844","targetHints":{"allow":["GET"]}}],"collection":[{"href":"https:\/\/performing.site\/index.php\/wp-json\/wp\/v2\/pages"}],"about":[{"href":"https:\/\/performing.site\/index.php\/wp-json\/wp\/v2\/types\/page"}],"author":[{"embeddable":true,"href":"https:\/\/performing.site\/index.php\/wp-json\/wp\/v2\/users\/1"}],"replies":[{"embeddable":true,"href":"https:\/\/performing.site\/index.php\/wp-json\/wp\/v2\/comments?post=844"}],"version-history":[{"count":46,"href":"https:\/\/performing.site\/index.php\/wp-json\/wp\/v2\/pages\/844\/revisions"}],"predecessor-version":[{"id":1338,"href":"https:\/\/performing.site\/index.php\/wp-json\/wp\/v2\/pages\/844\/revisions\/1338"}],"wp:featuredmedia":[{"embeddable":true,"href":"https:\/\/performing.site\/index.php\/wp-json\/wp\/v2\/media\/1134"}],"wp:attachment":[{"href":"https:\/\/performing.site\/index.php\/wp-json\/wp\/v2\/media?parent=844"}],"curies":[{"name":"wp","href":"https:\/\/api.w.org\/{rel}","templated":true}]}}